{"id":11,"date":"2023-01-15T18:08:18","date_gmt":"2023-01-15T17:08:18","guid":{"rendered":"http:\/\/naturhof-renk.at\/?page_id=11"},"modified":"2023-03-12T15:36:01","modified_gmt":"2023-03-12T14:36:01","slug":"ueber-uns","status":"publish","type":"page","link":"https:\/\/naturhof-renk.at\/?page_id=11","title":{"rendered":"\u00dcber uns"},"content":{"rendered":"\n<div class=\"wp-block-media-text alignwide is-stacked-on-mobile\"><figure class=\"wp-block-media-text__media\"><img loading=\"lazy\" decoding=\"async\" width=\"683\" height=\"1024\" src=\"https:\/\/naturhof-renk.at\/wp-content\/uploads\/2022\/11\/Familie-Renk-013-683x1024.jpg\" alt=\"\" class=\"wp-image-26 size-full\" srcset=\"https:\/\/naturhof-renk.at\/wp-content\/uploads\/2022\/11\/Familie-Renk-013-683x1024.jpg 683w, https:\/\/naturhof-renk.at\/wp-content\/uploads\/2022\/11\/Familie-Renk-013-200x300.jpg 200w, https:\/\/naturhof-renk.at\/wp-content\/uploads\/2022\/11\/Familie-Renk-013-768x1152.jpg 768w, https:\/\/naturhof-renk.at\/wp-content\/uploads\/2022\/11\/Familie-Renk-013-1024x1536.jpg 1024w, https:\/\/naturhof-renk.at\/wp-content\/uploads\/2022\/11\/Familie-Renk-013-1365x2048.jpg 1365w, https:\/\/naturhof-renk.at\/wp-content\/uploads\/2022\/11\/Familie-Renk-013-scaled.jpg 1706w\" sizes=\"auto, (max-width: 683px) 100vw, 683px\" \/><\/figure><div class=\"wp-block-media-text__content\">\n<p style=\"font-size:25px\">Hallo!<\/p>\n\n\n\n<p style=\"font-size:25px\">Ich bin Vincent, das j\u00fcngste Familienmitglied und bei jeder neuen Idee dabei. Ich m\u00f6chte euch gerne den Rest der Familie vorstellen.<\/p>\n\n\n\n<p style=\"font-size:25px\">Meine Mama Karina ist sehr kreativ und \u00fcbernimmt auch temperamentvoll die gesch\u00e4ftliche Leitung unseres Hofes. Mit ihrem Ideenreichtum zaubert sie auch immer wieder die herrlichsten K\u00f6stlichkeiten unserer hofeigenen Produktion.<\/p>\n\n\n\n<p style=\"font-size:25px\">Mein Papa Alex ist in seiner ruhigen, sachlichen Art die ideale Erg\u00e4nzung und \u00fcberzeugt besonders durch sein handwerkliches Geschick und seine Kontaktfreudigkeit.<\/p>\n\n\n\n<p style=\"font-size:25px\">Wenn es gerade pressiert, packen auch meine \u00e4lteren Geschwister Alisha, Amalia und Laurent flei\u00dfig mit an, obwohl sie eigentlich alle einen eigenen Beruf haben. Gemeinsam schaukeln wir den zwar kleinen, aber sehr charmanten Naturhof.<\/p>\n<\/div><\/div>\n","protected":false},"excerpt":{"rendered":"<p>Hallo! Ich bin Vincent, das j\u00fcngste Familienmitglied und bei jeder neuen Idee dabei. Ich m\u00f6chte euch gerne den Rest der Familie vorstellen. Meine Mama Karina ist sehr kreativ und \u00fcbernimmt auch temperamentvoll die gesch\u00e4ftliche Leitung unseres Hofes. Mit ihrem Ideenreichtum zaubert sie auch immer wieder die herrlichsten K\u00f6stlichkeiten unserer hofeigenen Produktion. Mein Papa Alex ist in seiner ruhigen, sachlichen Art die ideale Erg\u00e4nzung und \u00fcberzeugt besonders durch sein handwerkliches Geschick und seine Kontaktfreudigkeit. Wenn es gerade pressiert, packen auch meine \u00e4lteren Geschwister Alisha, Amalia und Laurent flei\u00dfig mit an, obwohl sie eigentlich alle einen eigenen Beruf haben. Gemeinsam schaukeln wir den zwar kleinen, aber sehr charmanten Naturhof.<\/p>\n","protected":false},"author":1,"featured_media":0,"parent":0,"menu_order":0,"comment_status":"closed","ping_status":"closed","template":"","meta":{"footnotes":""},"class_list":["post-11","page","type-page","status-publish","hentry"],"_links":{"self":[{"href":"https:\/\/naturhof-renk.at\/index.php?rest_route=\/wp\/v2\/pages\/11","targetHints":{"allow":["GET"]}}],"collection":[{"href":"https:\/\/naturhof-renk.at\/index.php?rest_route=\/wp\/v2\/pages"}],"about":[{"href":"https:\/\/naturhof-renk.at\/index.php?rest_route=\/wp\/v2\/types\/page"}],"author":[{"embeddable":true,"href":"https:\/\/naturhof-renk.at\/index.php?rest_route=\/wp\/v2\/users\/1"}],"replies":[{"embeddable":true,"href":"https:\/\/naturhof-renk.at\/index.php?rest_route=%2Fwp%2Fv2%2Fcomments&post=11"}],"version-history":[{"count":38,"href":"https:\/\/naturhof-renk.at\/index.php?rest_route=\/wp\/v2\/pages\/11\/revisions"}],"predecessor-version":[{"id":328,"href":"https:\/\/naturhof-renk.at\/index.php?rest_route=\/wp\/v2\/pages\/11\/revisions\/328"}],"wp:attachment":[{"href":"https:\/\/naturhof-renk.at\/index.php?rest_route=%2Fwp%2Fv2%2Fmedia&parent=11"}],"curies":[{"name":"wp","href":"https:\/\/api.w.org\/{rel}","templated":true}]}}

Über uns

<div class="wp-block-media-text alignwide is-stacked-on-mobile"><figure class="wp-block-media-text__media"><img loading="lazy" decoding="async" width="683" height="1024" src="https://naturhof-renk.at/wp-content/uploads/2022/11/Familie-Renk-013-683x1024.jpg" alt="" class="wp-image-26 size-full" srcset="https://naturhof-renk.at/wp-content/uploads/2022/11/Familie-Renk-013-683x1024.jpg 683w, https://naturhof-renk.at/wp-content/uploads/2022/11/Familie-Renk-013-200x300.jpg 200w, https://naturhof-renk.at/wp-content/uploads/2022/11/Familie-Renk-013-768x1152.jpg 768w, https://naturhof-renk.at/wp-content/uploads/2022/11/Familie-Renk-013-1024x1536.jpg 1024w, https://naturhof-renk.at/wp-content/uploads/2022/11/Familie-Renk-013-1365x2048.jpg 1365w, https://naturhof-renk.at/wp-content/uploads/2022/11/Familie-Renk-013-scaled.jpg 1706w" sizes="auto, (max-width: 683px) 100vw, 683px" /></figure><div class="wp-block-media-text__content">
<p style="font-size:25px">Hallo!</p>



<p style="font-size:25px">Ich bin Vincent, das jüngste Familienmitglied und bei jeder neuen Idee dabei. Ich möchte euch gerne den Rest der Familie vorstellen.</p>



<p style="font-size:25px">Meine Mama Karina ist sehr kreativ und übernimmt auch temperamentvoll die geschäftliche Leitung unseres Hofes. Mit ihrem Ideenreichtum zaubert sie auch immer wieder die herrlichsten Köstlichkeiten unserer hofeigenen Produktion.</p>



<p style="font-size:25px">Mein Papa Alex ist in seiner ruhigen, sachlichen Art die ideale Ergänzung und überzeugt besonders durch sein handwerkliches Geschick und seine Kontaktfreudigkeit.</p>



<p style="font-size:25px">Wenn es gerade pressiert, packen auch meine älteren Geschwister Alisha, Amalia und Laurent fleißig mit an, obwohl sie eigentlich alle einen eigenen Beruf haben. Gemeinsam schaukeln wir den zwar kleinen, aber sehr charmanten Naturhof.</p>
</div></div>

<p>Hallo! Ich bin Vincent, das jüngste Familienmitglied und bei jeder neuen Idee dabei. Ich möchte euch gerne den Rest der Familie vorstellen. Meine Mama Karina ist sehr kreativ und übernimmt auch temperamentvoll die geschäftliche Leitung unseres Hofes. Mit ihrem Ideenreichtum zaubert sie auch immer wieder die herrlichsten Köstlichkeiten unserer hofeigenen Produktion. Mein Papa Alex ist in seiner ruhigen, sachlichen Art die ideale Ergänzung und überzeugt besonders durch sein handwerkliches Geschick und seine Kontaktfreudigkeit. Wenn es gerade pressiert, packen auch meine älteren Geschwister Alisha, Amalia und Laurent fleißig mit an, obwohl sie eigentlich alle einen eigenen Beruf haben. Gemeinsam schaukeln wir den zwar kleinen, aber sehr charmanten Naturhof.</p>
