{"id":67,"date":"2023-01-15T19:38:26","date_gmt":"2023-01-15T18:38:26","guid":{"rendered":"http:\/\/naturhof-renk.at\/?page_id=67"},"modified":"2023-06-16T12:25:47","modified_gmt":"2023-06-16T10:25:47","slug":"startseite-2","status":"publish","type":"page","link":"https:\/\/naturhof-renk.at\/","title":{"rendered":"Willkommen bei uns!"},"content":{"rendered":"\n<div class=\"alignnormal\"><div id=\"metaslider-id-141\" style=\"width: 100%;\" class=\"ml-slider-3-102-0 metaslider metaslider-nivo metaslider-141 ml-slider has-dots-nav ms-theme-default\" role=\"region\" aria-label=\"s1\" data-height=\"900\" data-width=\"1500\">\n    <div id=\"metaslider_container_141\">\n        <div class='slider-wrapper theme-default'><div class='ribbon'><\/div><div id='metaslider_141' class='nivoSlider'><img loading=\"lazy\" decoding=\"async\" width=\"2560\" height=\"1924\" src=\"https:\/\/naturhof-renk.at\/wp-content\/uploads\/2022\/11\/Familie-Renk-031-scaled.jpg\" class=\"slider-141 slide-150 msDefaultImage\" alt=\"\" data-caption=\"\" data-thumb=\"\" title=\"Familie Renk 031\" rel=\"\" srcset=\"https:\/\/naturhof-renk.at\/wp-content\/uploads\/2022\/11\/Familie-Renk-031-scaled.jpg 2560w, https:\/\/naturhof-renk.at\/wp-content\/uploads\/2022\/11\/Familie-Renk-031-300x225.jpg 300w, https:\/\/naturhof-renk.at\/wp-content\/uploads\/2022\/11\/Familie-Renk-031-1024x769.jpg 1024w, https:\/\/naturhof-renk.at\/wp-content\/uploads\/2022\/11\/Familie-Renk-031-768x577.jpg 768w, https:\/\/naturhof-renk.at\/wp-content\/uploads\/2022\/11\/Familie-Renk-031-1536x1154.jpg 1536w, https:\/\/naturhof-renk.at\/wp-content\/uploads\/2022\/11\/Familie-Renk-031-2048x1539.jpg 2048w\" sizes=\"auto, (max-width: 2560px) 100vw, 2560px\" \/><img loading=\"lazy\" decoding=\"async\" width=\"2560\" height=\"1707\" src=\"https:\/\/naturhof-renk.at\/wp-content\/uploads\/2022\/11\/Familie-Renk-028-scaled.jpg\" class=\"slider-141 slide-151 msDefaultImage\" alt=\"\" data-caption=\"\" data-thumb=\"\" title=\"Familie Renk 028\" rel=\"\" srcset=\"https:\/\/naturhof-renk.at\/wp-content\/uploads\/2022\/11\/Familie-Renk-028-scaled.jpg 2560w, https:\/\/naturhof-renk.at\/wp-content\/uploads\/2022\/11\/Familie-Renk-028-300x200.jpg 300w, https:\/\/naturhof-renk.at\/wp-content\/uploads\/2022\/11\/Familie-Renk-028-1024x683.jpg 1024w, https:\/\/naturhof-renk.at\/wp-content\/uploads\/2022\/11\/Familie-Renk-028-768x512.jpg 768w, https:\/\/naturhof-renk.at\/wp-content\/uploads\/2022\/11\/Familie-Renk-028-1536x1024.jpg 1536w, https:\/\/naturhof-renk.at\/wp-content\/uploads\/2022\/11\/Familie-Renk-028-2048x1365.jpg 2048w\" sizes=\"auto, (max-width: 2560px) 100vw, 2560px\" \/><img loading=\"lazy\" decoding=\"async\" width=\"2560\" height=\"1707\" src=\"https:\/\/naturhof-renk.at\/wp-content\/uploads\/2022\/11\/Familie-Renk-023-scaled.jpg\" class=\"slider-141 slide-152 msDefaultImage\" alt=\"\" data-caption=\"\" data-thumb=\"\" title=\"Familie Renk 023\" rel=\"\" srcset=\"https:\/\/naturhof-renk.at\/wp-content\/uploads\/2022\/11\/Familie-Renk-023-scaled.jpg 2560w, https:\/\/naturhof-renk.at\/wp-content\/uploads\/2022\/11\/Familie-Renk-023-300x200.jpg 300w, https:\/\/naturhof-renk.at\/wp-content\/uploads\/2022\/11\/Familie-Renk-023-1024x683.jpg 1024w, https:\/\/naturhof-renk.at\/wp-content\/uploads\/2022\/11\/Familie-Renk-023-768x512.jpg 768w, https:\/\/naturhof-renk.at\/wp-content\/uploads\/2022\/11\/Familie-Renk-023-1536x1024.jpg 1536w, https:\/\/naturhof-renk.at\/wp-content\/uploads\/2022\/11\/Familie-Renk-023-2048x1365.jpg 2048w\" sizes=\"auto, (max-width: 2560px) 100vw, 2560px\" \/><img loading=\"lazy\" decoding=\"async\" width=\"2560\" height=\"1707\" src=\"https:\/\/naturhof-renk.at\/wp-content\/uploads\/2022\/11\/Familie-Renk-012-scaled.jpg\" class=\"slider-141 slide-153 msDefaultImage\" alt=\"\" data-caption=\"\" data-thumb=\"\" title=\"Familie Renk 012\" rel=\"\" srcset=\"https:\/\/naturhof-renk.at\/wp-content\/uploads\/2022\/11\/Familie-Renk-012-scaled.jpg 2560w, https:\/\/naturhof-renk.at\/wp-content\/uploads\/2022\/11\/Familie-Renk-012-300x200.jpg 300w, https:\/\/naturhof-renk.at\/wp-content\/uploads\/2022\/11\/Familie-Renk-012-1024x683.jpg 1024w, https:\/\/naturhof-renk.at\/wp-content\/uploads\/2022\/11\/Familie-Renk-012-768x512.jpg 768w, https:\/\/naturhof-renk.at\/wp-content\/uploads\/2022\/11\/Familie-Renk-012-1536x1024.jpg 1536w, https:\/\/naturhof-renk.at\/wp-content\/uploads\/2022\/11\/Familie-Renk-012-2048x1366.jpg 2048w\" sizes=\"auto, (max-width: 2560px) 100vw, 2560px\" \/><img loading=\"lazy\" decoding=\"async\" width=\"1707\" height=\"2560\" src=\"https:\/\/naturhof-renk.at\/wp-content\/uploads\/2022\/11\/Familie-Renk-008-scaled.jpg\" class=\"slider-141 slide-154 msDefaultImage\" alt=\"\" data-caption=\"\" data-thumb=\"\" title=\"Familie Renk 008\" rel=\"\" srcset=\"https:\/\/naturhof-renk.at\/wp-content\/uploads\/2022\/11\/Familie-Renk-008-scaled.jpg 1707w, https:\/\/naturhof-renk.at\/wp-content\/uploads\/2022\/11\/Familie-Renk-008-200x300.jpg 200w, https:\/\/naturhof-renk.at\/wp-content\/uploads\/2022\/11\/Familie-Renk-008-683x1024.jpg 683w, https:\/\/naturhof-renk.at\/wp-content\/uploads\/2022\/11\/Familie-Renk-008-768x1152.jpg 768w, https:\/\/naturhof-renk.at\/wp-content\/uploads\/2022\/11\/Familie-Renk-008-1024x1536.jpg 1024w, https:\/\/naturhof-renk.at\/wp-content\/uploads\/2022\/11\/Familie-Renk-008-1365x2048.jpg 1365w\" sizes=\"auto, (max-width: 1707px) 100vw, 1707px\" \/><img loading=\"lazy\" decoding=\"async\" width=\"1707\" height=\"2560\" src=\"https:\/\/naturhof-renk.at\/wp-content\/uploads\/2022\/11\/Familie-Renk-001-scaled.jpg\" class=\"slider-141 slide-155 msDefaultImage\" alt=\"\" data-caption=\"\" data-thumb=\"\" title=\"Familie Renk 001\" rel=\"\" srcset=\"https:\/\/naturhof-renk.at\/wp-content\/uploads\/2022\/11\/Familie-Renk-001-scaled.jpg 1707w, https:\/\/naturhof-renk.at\/wp-content\/uploads\/2022\/11\/Familie-Renk-001-200x300.jpg 200w, https:\/\/naturhof-renk.at\/wp-content\/uploads\/2022\/11\/Familie-Renk-001-683x1024.jpg 683w, https:\/\/naturhof-renk.at\/wp-content\/uploads\/2022\/11\/Familie-Renk-001-768x1152.jpg 768w, https:\/\/naturhof-renk.at\/wp-content\/uploads\/2022\/11\/Familie-Renk-001-1024x1536.jpg 1024w, https:\/\/naturhof-renk.at\/wp-content\/uploads\/2022\/11\/Familie-Renk-001-1365x2048.jpg 1365w\" sizes=\"auto, (max-width: 1707px) 100vw, 1707px\" \/><img loading=\"lazy\" decoding=\"async\" width=\"1707\" height=\"2560\" src=\"https:\/\/naturhof-renk.at\/wp-content\/uploads\/2022\/11\/Familie-Renk-005-scaled.jpg\" class=\"slider-141 slide-156 msDefaultImage\" alt=\"\" data-caption=\"\" data-thumb=\"\" title=\"Familie Renk 005\" rel=\"\" srcset=\"https:\/\/naturhof-renk.at\/wp-content\/uploads\/2022\/11\/Familie-Renk-005-scaled.jpg 1707w, https:\/\/naturhof-renk.at\/wp-content\/uploads\/2022\/11\/Familie-Renk-005-200x300.jpg 200w, https:\/\/naturhof-renk.at\/wp-content\/uploads\/2022\/11\/Familie-Renk-005-683x1024.jpg 683w, https:\/\/naturhof-renk.at\/wp-content\/uploads\/2022\/11\/Familie-Renk-005-768x1152.jpg 768w, https:\/\/naturhof-renk.at\/wp-content\/uploads\/2022\/11\/Familie-Renk-005-1024x1536.jpg 1024w, https:\/\/naturhof-renk.at\/wp-content\/uploads\/2022\/11\/Familie-Renk-005-1365x2048.jpg 1365w\" sizes=\"auto, (max-width: 1707px) 100vw, 1707px\" \/><img loading=\"lazy\" decoding=\"async\" width=\"1707\" height=\"2560\" src=\"https:\/\/naturhof-renk.at\/wp-content\/uploads\/2022\/11\/Familie-Renk-007-scaled.jpg\" class=\"slider-141 slide-250 msDefaultImage\" alt=\"\" data-caption=\"\" data-thumb=\"\" title=\"Familie Renk 007\" rel=\"\" srcset=\"https:\/\/naturhof-renk.at\/wp-content\/uploads\/2022\/11\/Familie-Renk-007-scaled.jpg 1707w, https:\/\/naturhof-renk.at\/wp-content\/uploads\/2022\/11\/Familie-Renk-007-200x300.jpg 200w, https:\/\/naturhof-renk.at\/wp-content\/uploads\/2022\/11\/Familie-Renk-007-683x1024.jpg 683w, https:\/\/naturhof-renk.at\/wp-content\/uploads\/2022\/11\/Familie-Renk-007-768x1152.jpg 768w, https:\/\/naturhof-renk.at\/wp-content\/uploads\/2022\/11\/Familie-Renk-007-1024x1536.jpg 1024w, https:\/\/naturhof-renk.at\/wp-content\/uploads\/2022\/11\/Familie-Renk-007-1365x2048.jpg 1365w\" sizes=\"auto, (max-width: 1707px) 100vw, 1707px\" \/><img loading=\"lazy\" decoding=\"async\" width=\"1924\" height=\"2560\" src=\"https:\/\/naturhof-renk.at\/wp-content\/uploads\/2022\/11\/Familie-Renk-032-scaled.jpg\" class=\"slider-141 slide-251 msDefaultImage\" alt=\"\" data-caption=\"\" data-thumb=\"\" title=\"Familie Renk 032\" rel=\"\" srcset=\"https:\/\/naturhof-renk.at\/wp-content\/uploads\/2022\/11\/Familie-Renk-032-scaled.jpg 1924w, https:\/\/naturhof-renk.at\/wp-content\/uploads\/2022\/11\/Familie-Renk-032-225x300.jpg 225w, https:\/\/naturhof-renk.at\/wp-content\/uploads\/2022\/11\/Familie-Renk-032-770x1024.jpg 770w, https:\/\/naturhof-renk.at\/wp-content\/uploads\/2022\/11\/Familie-Renk-032-768x1022.jpg 768w, https:\/\/naturhof-renk.at\/wp-content\/uploads\/2022\/11\/Familie-Renk-032-1154x1536.jpg 1154w, https:\/\/naturhof-renk.at\/wp-content\/uploads\/2022\/11\/Familie-Renk-032-1539x2048.jpg 1539w\" sizes=\"auto, (max-width: 1924px) 100vw, 1924px\" \/><\/div><\/div>\n        \n    <\/div>\n<\/div><\/div>\n\n\n<p><span style=\"font-size: 18pt;\">Unser Naturhof liegt mitten im Waldviertel, in Gerlas, in der N\u00e4he der Stadt Zwettl.<\/span><\/p>\n<p><span style=\"font-size: 18pt;\">Im Fokus unseres Selbstversorgungshofes steht der naturbezogene Ackerbau.<\/span><\/p>\n<p>\u00a0<\/p>\n<p><span style=\"font-size: 18pt;\">Seit wir uns 2010 dazu entschieden haben, unsere Ern\u00e4hrung auf naturbelassene, konservierungsmittelfreie und haupts\u00e4chlich selbst erzeugte Lebensmittel umzustellen, hat uns die Idee verfolgt, unsere Lebensweise und Produkte auch f\u00fcr andere zug\u00e4nglich zu machen.<\/span><\/p>\n<p>\u00a0<\/p>\n<p><span style=\"font-size: 18pt;\">Der Anbau verschiedener<\/span> <span style=\"font-size: 18pt;\">Erd\u00e4pfelsorten und K\u00fcrbisgattungen sowie naturbewusster Gem\u00fcseanbau bildet das Herzst\u00fcck unseres Betriebes.<\/span><\/p>\n<p><span style=\"font-size: 18pt;\">Unsere Kleintierhaltung &#8211; Enten, H\u00fchner, Kaninchen und einige Schweine &#8211; sorgen f\u00fcr nat\u00fcrlichen D\u00fcnger.<\/span><\/p>\n<p><span style=\"font-size: 18pt;\">Zum Gedeihen unseres Gem\u00fcse- und Fr\u00fcchte-Anbaus tragen auch einige flei\u00dfige Bienenv\u00f6lker bei.<\/span><\/p>\n<p>\u00a0<\/p>\n<p><span style=\"font-size: 18pt;\">Wie sagt schon Sebastian Kneipp:<\/span><\/p>\n<p><span style=\"font-size: 18pt;\">&#8222;Der Weg zur Gesundheit f\u00fchrt durch die K\u00fcche, nicht durch die Apotheke!&#8220;<\/span><\/p>","protected":false},"excerpt":{"rendered":"<p>Unser Naturhof liegt mitten im Waldviertel, in Gerlas, in der N\u00e4he der Stadt Zwettl. Im Fokus unseres Selbstversorgungshofes steht der naturbezogene Ackerbau. \u00a0 Seit wir uns 2010 dazu entschieden haben, unsere Ern\u00e4hrung auf naturbelassene, konservierungsmittelfreie und haupts\u00e4chlich selbst erzeugte Lebensmittel umzustellen, hat uns die Idee verfolgt, unsere Lebensweise und Produkte auch f\u00fcr andere zug\u00e4nglich zu machen. \u00a0 Der Anbau verschiedener Erd\u00e4pfelsorten und K\u00fcrbisgattungen sowie naturbewusster Gem\u00fcseanbau bildet das Herzst\u00fcck unseres Betriebes. Unsere Kleintierhaltung &#8211; Enten, H\u00fchner, Kaninchen und einige Schweine &#8211; sorgen f\u00fcr nat\u00fcrlichen D\u00fcnger. Zum Gedeihen unseres Gem\u00fcse- und Fr\u00fcchte-Anbaus tragen auch einige flei\u00dfige Bienenv\u00f6lker bei. \u00a0 Wie sagt schon Sebastian Kneipp: &#8222;Der Weg zur Gesundheit f\u00fchrt durch die K\u00fcche, nicht durch die Apotheke!&#8220;<\/p>\n","protected":false},"author":1,"featured_media":0,"parent":0,"menu_order":0,"comment_status":"closed","ping_status":"closed","template":"","meta":{"footnotes":""},"class_list":["post-67","page","type-page","status-publish","hentry"],"_links":{"self":[{"href":"https:\/\/naturhof-renk.at\/index.php?rest_route=\/wp\/v2\/pages\/67","targetHints":{"allow":["GET"]}}],"collection":[{"href":"https:\/\/naturhof-renk.at\/index.php?rest_route=\/wp\/v2\/pages"}],"about":[{"href":"https:\/\/naturhof-renk.at\/index.php?rest_route=\/wp\/v2\/types\/page"}],"author":[{"embeddable":true,"href":"https:\/\/naturhof-renk.at\/index.php?rest_route=\/wp\/v2\/users\/1"}],"replies":[{"embeddable":true,"href":"https:\/\/naturhof-renk.at\/index.php?rest_route=%2Fwp%2Fv2%2Fcomments&post=67"}],"version-history":[{"count":33,"href":"https:\/\/naturhof-renk.at\/index.php?rest_route=\/wp\/v2\/pages\/67\/revisions"}],"predecessor-version":[{"id":342,"href":"https:\/\/naturhof-renk.at\/index.php?rest_route=\/wp\/v2\/pages\/67\/revisions\/342"}],"wp:attachment":[{"href":"https:\/\/naturhof-renk.at\/index.php?rest_route=%2Fwp%2Fv2%2Fmedia&parent=67"}],"curies":[{"name":"wp","href":"https:\/\/api.w.org\/{rel}","templated":true}]}}

<div class="alignnormal"><div id="metaslider-id-141" style="width: 100%;" class="ml-slider-3-102-0 metaslider metaslider-nivo metaslider-141 ml-slider has-dots-nav ms-theme-default" role="region" aria-label="s1" data-height="900" data-width="1500">
    <div id="metaslider_container_141">
        <div class='slider-wrapper theme-default'><div class='ribbon'></div><div id='metaslider_141' class='nivoSlider'><img loading="lazy" decoding="async" width="2560" height="1924" src="https://naturhof-renk.at/wp-content/uploads/2022/11/Familie-Renk-031-scaled.jpg" class="slider-141 slide-150 msDefaultImage" alt="" data-caption="" data-thumb="" title="Familie Renk 031" rel="" srcset="https://naturhof-renk.at/wp-content/uploads/2022/11/Familie-Renk-031-scaled.jpg 2560w, https://naturhof-renk.at/wp-content/uploads/2022/11/Familie-Renk-031-300x225.jpg 300w, https://naturhof-renk.at/wp-content/uploads/2022/11/Familie-Renk-031-1024x769.jpg 1024w, https://naturhof-renk.at/wp-content/uploads/2022/11/Familie-Renk-031-768x577.jpg 768w, https://naturhof-renk.at/wp-content/uploads/2022/11/Familie-Renk-031-1536x1154.jpg 1536w, https://naturhof-renk.at/wp-content/uploads/2022/11/Familie-Renk-031-2048x1539.jpg 2048w" sizes="auto, (max-width: 2560px) 100vw, 2560px" /><img loading="lazy" decoding="async" width="2560" height="1707" src="https://naturhof-renk.at/wp-content/uploads/2022/11/Familie-Renk-028-scaled.jpg" class="slider-141 slide-151 msDefaultImage" alt="" data-caption="" data-thumb="" title="Familie Renk 028" rel="" srcset="https://naturhof-renk.at/wp-content/uploads/2022/11/Familie-Renk-028-scaled.jpg 2560w, https://naturhof-renk.at/wp-content/uploads/2022/11/Familie-Renk-028-300x200.jpg 300w, https://naturhof-renk.at/wp-content/uploads/2022/11/Familie-Renk-028-1024x683.jpg 1024w, https://naturhof-renk.at/wp-content/uploads/2022/11/Familie-Renk-028-768x512.jpg 768w, https://naturhof-renk.at/wp-content/uploads/2022/11/Familie-Renk-028-1536x1024.jpg 1536w, https://naturhof-renk.at/wp-content/uploads/2022/11/Familie-Renk-028-2048x1365.jpg 2048w" sizes="auto, (max-width: 2560px) 100vw, 2560px" /><img loading="lazy" decoding="async" width="2560" height="1707" src="https://naturhof-renk.at/wp-content/uploads/2022/11/Familie-Renk-023-scaled.jpg" class="slider-141 slide-152 msDefaultImage" alt="" data-caption="" data-thumb="" title="Familie Renk 023" rel="" srcset="https://naturhof-renk.at/wp-content/uploads/2022/11/Familie-Renk-023-scaled.jpg 2560w, https://naturhof-renk.at/wp-content/uploads/2022/11/Familie-Renk-023-300x200.jpg 300w, https://naturhof-renk.at/wp-content/uploads/2022/11/Familie-Renk-023-1024x683.jpg 1024w, https://naturhof-renk.at/wp-content/uploads/2022/11/Familie-Renk-023-768x512.jpg 768w, https://naturhof-renk.at/wp-content/uploads/2022/11/Familie-Renk-023-1536x1024.jpg 1536w, https://naturhof-renk.at/wp-content/uploads/2022/11/Familie-Renk-023-2048x1365.jpg 2048w" sizes="auto, (max-width: 2560px) 100vw, 2560px" /><img loading="lazy" decoding="async" width="2560" height="1707" src="https://naturhof-renk.at/wp-content/uploads/2022/11/Familie-Renk-012-scaled.jpg" class="slider-141 slide-153 msDefaultImage" alt="" data-caption="" data-thumb="" title="Familie Renk 012" rel="" srcset="https://naturhof-renk.at/wp-content/uploads/2022/11/Familie-Renk-012-scaled.jpg 2560w, https://naturhof-renk.at/wp-content/uploads/2022/11/Familie-Renk-012-300x200.jpg 300w, https://naturhof-renk.at/wp-content/uploads/2022/11/Familie-Renk-012-1024x683.jpg 1024w, https://naturhof-renk.at/wp-content/uploads/2022/11/Familie-Renk-012-768x512.jpg 768w, https://naturhof-renk.at/wp-content/uploads/2022/11/Familie-Renk-012-1536x1024.jpg 1536w, https://naturhof-renk.at/wp-content/uploads/2022/11/Familie-Renk-012-2048x1366.jpg 2048w" sizes="auto, (max-width: 2560px) 100vw, 2560px" /><img loading="lazy" decoding="async" width="1707" height="2560" src="https://naturhof-renk.at/wp-content/uploads/2022/11/Familie-Renk-008-scaled.jpg" class="slider-141 slide-154 msDefaultImage" alt="" data-caption="" data-thumb="" title="Familie Renk 008" rel="" srcset="https://naturhof-renk.at/wp-content/uploads/2022/11/Familie-Renk-008-scaled.jpg 1707w, https://naturhof-renk.at/wp-content/uploads/2022/11/Familie-Renk-008-200x300.jpg 200w, https://naturhof-renk.at/wp-content/uploads/2022/11/Familie-Renk-008-683x1024.jpg 683w, https://naturhof-renk.at/wp-content/uploads/2022/11/Familie-Renk-008-768x1152.jpg 768w, https://naturhof-renk.at/wp-content/uploads/2022/11/Familie-Renk-008-1024x1536.jpg 1024w, https://naturhof-renk.at/wp-content/uploads/2022/11/Familie-Renk-008-1365x2048.jpg 1365w" sizes="auto, (max-width: 1707px) 100vw, 1707px" /><img loading="lazy" decoding="async" width="1707" height="2560" src="https://naturhof-renk.at/wp-content/uploads/2022/11/Familie-Renk-001-scaled.jpg" class="slider-141 slide-155 msDefaultImage" alt="" data-caption="" data-thumb="" title="Familie Renk 001" rel="" srcset="https://naturhof-renk.at/wp-content/uploads/2022/11/Familie-Renk-001-scaled.jpg 1707w, https://naturhof-renk.at/wp-content/uploads/2022/11/Familie-Renk-001-200x300.jpg 200w, https://naturhof-renk.at/wp-content/uploads/2022/11/Familie-Renk-001-683x1024.jpg 683w, https://naturhof-renk.at/wp-content/uploads/2022/11/Familie-Renk-001-768x1152.jpg 768w, https://naturhof-renk.at/wp-content/uploads/2022/11/Familie-Renk-001-1024x1536.jpg 1024w, https://naturhof-renk.at/wp-content/uploads/2022/11/Familie-Renk-001-1365x2048.jpg 1365w" sizes="auto, (max-width: 1707px) 100vw, 1707px" /><img loading="lazy" decoding="async" width="1707" height="2560" src="https://naturhof-renk.at/wp-content/uploads/2022/11/Familie-Renk-005-scaled.jpg" class="slider-141 slide-156 msDefaultImage" alt="" data-caption="" data-thumb="" title="Familie Renk 005" rel="" srcset="https://naturhof-renk.at/wp-content/uploads/2022/11/Familie-Renk-005-scaled.jpg 1707w, https://naturhof-renk.at/wp-content/uploads/2022/11/Familie-Renk-005-200x300.jpg 200w, https://naturhof-renk.at/wp-content/uploads/2022/11/Familie-Renk-005-683x1024.jpg 683w, https://naturhof-renk.at/wp-content/uploads/2022/11/Familie-Renk-005-768x1152.jpg 768w, https://naturhof-renk.at/wp-content/uploads/2022/11/Familie-Renk-005-1024x1536.jpg 1024w, https://naturhof-renk.at/wp-content/uploads/2022/11/Familie-Renk-005-1365x2048.jpg 1365w" sizes="auto, (max-width: 1707px) 100vw, 1707px" /><img loading="lazy" decoding="async" width="1707" height="2560" src="https://naturhof-renk.at/wp-content/uploads/2022/11/Familie-Renk-007-scaled.jpg" class="slider-141 slide-250 msDefaultImage" alt="" data-caption="" data-thumb="" title="Familie Renk 007" rel="" srcset="https://naturhof-renk.at/wp-content/uploads/2022/11/Familie-Renk-007-scaled.jpg 1707w, https://naturhof-renk.at/wp-content/uploads/2022/11/Familie-Renk-007-200x300.jpg 200w, https://naturhof-renk.at/wp-content/uploads/2022/11/Familie-Renk-007-683x1024.jpg 683w, https://naturhof-renk.at/wp-content/uploads/2022/11/Familie-Renk-007-768x1152.jpg 768w, https://naturhof-renk.at/wp-content/uploads/2022/11/Familie-Renk-007-1024x1536.jpg 1024w, https://naturhof-renk.at/wp-content/uploads/2022/11/Familie-Renk-007-1365x2048.jpg 1365w" sizes="auto, (max-width: 1707px) 100vw, 1707px" /><img loading="lazy" decoding="async" width="1924" height="2560" src="https://naturhof-renk.at/wp-content/uploads/2022/11/Familie-Renk-032-scaled.jpg" class="slider-141 slide-251 msDefaultImage" alt="" data-caption="" data-thumb="" title="Familie Renk 032" rel="" srcset="https://naturhof-renk.at/wp-content/uploads/2022/11/Familie-Renk-032-scaled.jpg 1924w, https://naturhof-renk.at/wp-content/uploads/2022/11/Familie-Renk-032-225x300.jpg 225w, https://naturhof-renk.at/wp-content/uploads/2022/11/Familie-Renk-032-770x1024.jpg 770w, https://naturhof-renk.at/wp-content/uploads/2022/11/Familie-Renk-032-768x1022.jpg 768w, https://naturhof-renk.at/wp-content/uploads/2022/11/Familie-Renk-032-1154x1536.jpg 1154w, https://naturhof-renk.at/wp-content/uploads/2022/11/Familie-Renk-032-1539x2048.jpg 1539w" sizes="auto, (max-width: 1924px) 100vw, 1924px" /></div></div>
        
    </div>
</div></div>


<p><span style="font-size: 18pt;">Unser Naturhof liegt mitten im Waldviertel, in Gerlas, in der Nähe der Stadt Zwettl.</span></p>
<p><span style="font-size: 18pt;">Im Fokus unseres Selbstversorgungshofes steht der naturbezogene Ackerbau.</span></p>
<p> </p>
<p><span style="font-size: 18pt;">Seit wir uns 2010 dazu entschieden haben, unsere Ernährung auf naturbelassene, konservierungsmittelfreie und hauptsächlich selbst erzeugte Lebensmittel umzustellen, hat uns die Idee verfolgt, unsere Lebensweise und Produkte auch für andere zugänglich zu machen.</span></p>
<p> </p>
<p><span style="font-size: 18pt;">Der Anbau verschiedener</span> <span style="font-size: 18pt;">Erdäpfelsorten und Kürbisgattungen sowie naturbewusster Gemüseanbau bildet das Herzstück unseres Betriebes.</span></p>
<p><span style="font-size: 18pt;">Unsere Kleintierhaltung &#8211; Enten, Hühner, Kaninchen und einige Schweine &#8211; sorgen für natürlichen Dünger.</span></p>
<p><span style="font-size: 18pt;">Zum Gedeihen unseres Gemüse- und Früchte-Anbaus tragen auch einige fleißige Bienenvölker bei.</span></p>
<p> </p>
<p><span style="font-size: 18pt;">Wie sagt schon Sebastian Kneipp:</span></p>
<p><span style="font-size: 18pt;">&#8222;Der Weg zur Gesundheit führt durch die Küche, nicht durch die Apotheke!&#8220;</span></p>

<p>Unser Naturhof liegt mitten im Waldviertel, in Gerlas, in der Nähe der Stadt Zwettl. Im Fokus unseres Selbstversorgungshofes steht der naturbezogene Ackerbau.   Seit wir uns 2010 dazu entschieden haben, unsere Ernährung auf naturbelassene, konservierungsmittelfreie und hauptsächlich selbst erzeugte Lebensmittel umzustellen, hat uns die Idee verfolgt, unsere Lebensweise und Produkte auch für andere zugänglich zu machen.   Der Anbau verschiedener Erdäpfelsorten und Kürbisgattungen sowie naturbewusster Gemüseanbau bildet das Herzstück unseres Betriebes. Unsere Kleintierhaltung &#8211; Enten, Hühner, Kaninchen und einige Schweine &#8211; sorgen für natürlichen Dünger. Zum Gedeihen unseres Gemüse- und Früchte-Anbaus tragen auch einige fleißige Bienenvölker bei.   Wie sagt schon Sebastian Kneipp: &#8222;Der Weg zur Gesundheit führt durch die Küche, nicht durch die Apotheke!&#8220;</p>
