{"id":68,"date":"2023-01-15T18:49:27","date_gmt":"2023-01-15T17:49:27","guid":{"rendered":"http:\/\/naturhof-renk.at\/?page_id=68"},"modified":"2025-02-13T21:20:43","modified_gmt":"2025-02-13T20:20:43","slug":"produkte","status":"publish","type":"page","link":"https:\/\/naturhof-renk.at\/?page_id=68","title":{"rendered":"Produkte"},"content":{"rendered":"\n<h4 class=\"wp-block-heading has-text-align-center has-medium-font-size\">Waldviertler Gartenschmankerl zum Genie\u00dfen<\/h4>\n\n\n\n<hr class=\"wp-block-separator has-alpha-channel-opacity\"\/>\n\n\n<p style=\"text-align: center;\"><span style=\"color: #000000; font-size: 18pt;\">Einfach bestellen per Telefon oder <\/span><span style=\"color: #000000; font-size: 18pt;\">E-Mail.<\/span><\/p>\n<p style=\"text-align: center;\"><span style=\"font-size: 18pt; color: #000000;\">Jeden 2. Donnerstag Gratiszustellung im Umkreis von 15 km!<\/span><\/p>\n<p style=\"text-align: center;\"><span style=\"font-size: 18pt; color: #000000;\">Bei gr\u00f6\u00dferer Entfernung kann es gegen eine Geb\u00fchr von 5 \u20ac per Post zugestellt werden.<\/span><\/p>\n<p style=\"text-align: center;\"><span style=\"font-size: 18pt; color: #000000;\">Nach telefonischer Vereinbarung auch Direkteinkauf am Hof m\u00f6glich.<\/span><\/p>\n\n\n<div class=\"wp-block-media-text alignwide is-stacked-on-mobile is-vertically-aligned-center has-background has-medium-font-size\" style=\"background-color:#e4d5cd;grid-template-columns:30% auto\"><figure class=\"wp-block-media-text__media\"><img loading=\"lazy\" decoding=\"async\" width=\"511\" height=\"768\" src=\"https:\/\/naturhof-renk.at\/wp-content\/uploads\/2023\/02\/DSC08757.jpg\" alt=\"\" class=\"wp-image-162 size-full\" srcset=\"https:\/\/naturhof-renk.at\/wp-content\/uploads\/2023\/02\/DSC08757.jpg 511w, https:\/\/naturhof-renk.at\/wp-content\/uploads\/2023\/02\/DSC08757-200x300.jpg 200w\" sizes=\"auto, (max-width: 511px) 100vw, 511px\" \/><\/figure><div class=\"wp-block-media-text__content\">\n<p class=\"has-medium-font-size\"><strong>Suppenw\u00fcrze<\/strong><\/p>\n\n\n\n<p class=\"has-medium-font-size\">Inhalt: 150g<\/p>\n\n\n\n<p class=\"has-medium-font-size\">Preis: 7,20 \u20ac<\/p>\n\n\n\n<p><\/p>\n<\/div><\/div>\n\n\n\n<div class=\"wp-block-media-text alignwide has-media-on-the-right is-stacked-on-mobile\" style=\"grid-template-columns:auto 30%\"><div class=\"wp-block-media-text__content\">\n<p class=\"has-medium-font-size\"><strong>Suppenw\u00fcrze<\/strong> Nachf\u00fcllpackung<\/p>\n\n\n\n<p class=\"has-medium-font-size\">Inhalt: 150g<\/p>\n\n\n\n<p class=\"has-medium-font-size\">Preis: 7,20 \u20ac<\/p>\n\n\n\n<p class=\"has-medium-font-size\"><\/p>\n<\/div><figure class=\"wp-block-media-text__media\"><img loading=\"lazy\" decoding=\"async\" width=\"511\" height=\"768\" src=\"https:\/\/naturhof-renk.at\/wp-content\/uploads\/2023\/02\/DSC08756.jpg\" alt=\"\" class=\"wp-image-161 size-full\" srcset=\"https:\/\/naturhof-renk.at\/wp-content\/uploads\/2023\/02\/DSC08756.jpg 511w, https:\/\/naturhof-renk.at\/wp-content\/uploads\/2023\/02\/DSC08756-200x300.jpg 200w\" sizes=\"auto, (max-width: 511px) 100vw, 511px\" \/><\/figure><\/div>\n\n\n\n<div class=\"wp-block-media-text alignwide is-stacked-on-mobile has-background\" style=\"background-color:#e4d5cd;grid-template-columns:30% auto\"><figure class=\"wp-block-media-text__media\"><img loading=\"lazy\" decoding=\"async\" width=\"511\" height=\"768\" src=\"https:\/\/naturhof-renk.at\/wp-content\/uploads\/2023\/02\/DSC08762.jpg\" alt=\"\" class=\"wp-image-163 size-full\" srcset=\"https:\/\/naturhof-renk.at\/wp-content\/uploads\/2023\/02\/DSC08762.jpg 511w, https:\/\/naturhof-renk.at\/wp-content\/uploads\/2023\/02\/DSC08762-200x300.jpg 200w\" sizes=\"auto, (max-width: 511px) 100vw, 511px\" \/><\/figure><div class=\"wp-block-media-text__content\">\n<p class=\"has-medium-font-size\"><strong>Popcornmais<\/strong><\/p>\n\n\n\n<p class=\"has-medium-font-size\">Inhalt: 300g<\/p>\n\n\n\n<p class=\"has-medium-font-size\">Preis: 3,70 \u20ac<\/p>\n\n\n\n<p class=\"has-medium-font-size\"><\/p>\n<\/div><\/div>\n\n\n\n<div class=\"wp-block-media-text alignwide has-media-on-the-right is-stacked-on-mobile\" style=\"grid-template-columns:auto 30%\"><div class=\"wp-block-media-text__content\">\n<p class=\"has-medium-font-size\"><strong>Bl\u00fcten Honig<\/strong><\/p>\n\n\n\n<p class=\"has-medium-font-size\">Inhalt: 250g<\/p>\n\n\n\n<p class=\"has-medium-font-size\">Preis: 4,50 \u20ac<\/p>\n<\/div><figure class=\"wp-block-media-text__media\"><img loading=\"lazy\" decoding=\"async\" width=\"511\" height=\"768\" src=\"https:\/\/naturhof-renk.at\/wp-content\/uploads\/2023\/02\/DSC08751.jpg\" alt=\"\" class=\"wp-image-160 size-full\" srcset=\"https:\/\/naturhof-renk.at\/wp-content\/uploads\/2023\/02\/DSC08751.jpg 511w, https:\/\/naturhof-renk.at\/wp-content\/uploads\/2023\/02\/DSC08751-200x300.jpg 200w\" sizes=\"auto, (max-width: 511px) 100vw, 511px\" \/><\/figure><\/div>\n\n\n\n<div class=\"wp-block-media-text alignwide is-stacked-on-mobile has-background\" style=\"background-color:#e4d5cd;grid-template-columns:30% auto\"><figure class=\"wp-block-media-text__media\"><img loading=\"lazy\" decoding=\"async\" width=\"511\" height=\"768\" src=\"https:\/\/naturhof-renk.at\/wp-content\/uploads\/2023\/02\/DSC08747.jpg\" alt=\"\" class=\"wp-image-159 size-full\" srcset=\"https:\/\/naturhof-renk.at\/wp-content\/uploads\/2023\/02\/DSC08747.jpg 511w, https:\/\/naturhof-renk.at\/wp-content\/uploads\/2023\/02\/DSC08747-200x300.jpg 200w\" sizes=\"auto, (max-width: 511px) 100vw, 511px\" \/><\/figure><div class=\"wp-block-media-text__content\">\n<p class=\"has-medium-font-size\"><strong>Apfelringe<\/strong><\/p>\n\n\n\n<p class=\"has-medium-font-size\">Inhalt: 50g<\/p>\n\n\n\n<p class=\"has-medium-font-size\">Preis: 3,00 \u20ac<\/p>\n<\/div><\/div>\n\n\n\n<div class=\"wp-block-media-text alignwide has-media-on-the-right is-stacked-on-mobile\" style=\"grid-template-columns:auto 30%\"><div class=\"wp-block-media-text__content\">\n<p class=\"has-medium-font-size\"><strong>Erd\u00e4pfel Ditta<\/strong><\/p>\n\n\n\n<p class=\"has-medium-font-size\">Inhalt: 5kg<\/p>\n\n\n\n<p class=\"has-medium-font-size\">Preis: 5,00 \u20ac<\/p>\n<\/div><figure class=\"wp-block-media-text__media\"><img loading=\"lazy\" decoding=\"async\" width=\"683\" height=\"1024\" src=\"https:\/\/naturhof-renk.at\/wp-content\/uploads\/2023\/03\/ditta-683x1024.jpg\" alt=\"\" class=\"wp-image-309 size-full\" srcset=\"https:\/\/naturhof-renk.at\/wp-content\/uploads\/2023\/03\/ditta-683x1024.jpg 683w, https:\/\/naturhof-renk.at\/wp-content\/uploads\/2023\/03\/ditta-200x300.jpg 200w, https:\/\/naturhof-renk.at\/wp-content\/uploads\/2023\/03\/ditta-768x1152.jpg 768w, https:\/\/naturhof-renk.at\/wp-content\/uploads\/2023\/03\/ditta-1024x1536.jpg 1024w, https:\/\/naturhof-renk.at\/wp-content\/uploads\/2023\/03\/ditta-1365x2048.jpg 1365w, https:\/\/naturhof-renk.at\/wp-content\/uploads\/2023\/03\/ditta-1140x1710.jpg 1140w, https:\/\/naturhof-renk.at\/wp-content\/uploads\/2023\/03\/ditta-scaled.jpg 1707w\" sizes=\"auto, (max-width: 683px) 100vw, 683px\" \/><\/figure><\/div>\n\n\n\n<div class=\"wp-block-media-text alignwide is-stacked-on-mobile has-background\" style=\"background-color:#e3d5cd;grid-template-columns:30% auto\"><figure class=\"wp-block-media-text__media\"><img loading=\"lazy\" decoding=\"async\" width=\"1707\" height=\"2560\" src=\"https:\/\/naturhof-renk.at\/wp-content\/uploads\/2023\/03\/kipfler-scaled.jpg\" alt=\"\" class=\"wp-image-310 size-full\" srcset=\"https:\/\/naturhof-renk.at\/wp-content\/uploads\/2023\/03\/kipfler-scaled.jpg 1707w, https:\/\/naturhof-renk.at\/wp-content\/uploads\/2023\/03\/kipfler-200x300.jpg 200w, https:\/\/naturhof-renk.at\/wp-content\/uploads\/2023\/03\/kipfler-683x1024.jpg 683w, https:\/\/naturhof-renk.at\/wp-content\/uploads\/2023\/03\/kipfler-768x1152.jpg 768w, https:\/\/naturhof-renk.at\/wp-content\/uploads\/2023\/03\/kipfler-1024x1536.jpg 1024w, https:\/\/naturhof-renk.at\/wp-content\/uploads\/2023\/03\/kipfler-1365x2048.jpg 1365w, https:\/\/naturhof-renk.at\/wp-content\/uploads\/2023\/03\/kipfler-1140x1710.jpg 1140w\" sizes=\"auto, (max-width: 1707px) 100vw, 1707px\" \/><\/figure><div class=\"wp-block-media-text__content\">\n<p class=\"has-medium-font-size\"><strong>Erd\u00e4pfel Kipfler<\/strong><\/p>\n\n\n\n<p class=\"has-medium-font-size\">Inhalt: 2kg<\/p>\n\n\n\n<p class=\"has-medium-font-size\">Preis: 6,00 \u20ac<\/p>\n<\/div><\/div>\n\n\n\n<div class=\"wp-block-media-text has-media-on-the-right is-stacked-on-mobile\" style=\"grid-template-columns:auto 30%\"><div class=\"wp-block-media-text__content\">\n<p class=\"has-medium-font-size\"><strong>Sauerkraut im Glas<\/strong><\/p>\n\n\n\n<p class=\"has-medium-font-size\">Inhalt: 300g<\/p>\n\n\n\n<p class=\"has-medium-font-size\">Abtropfgewicht: 290g<\/p>\n\n\n\n<p class=\"has-medium-font-size\">Preis: 3,70 \u20ac<\/p>\n<\/div><figure class=\"wp-block-media-text__media\"><img loading=\"lazy\" decoding=\"async\" width=\"683\" height=\"1024\" src=\"https:\/\/naturhof-renk.at\/wp-content\/uploads\/2023\/11\/Sauerkraut-683x1024.jpg\" alt=\"\" class=\"wp-image-345 size-full\" srcset=\"https:\/\/naturhof-renk.at\/wp-content\/uploads\/2023\/11\/Sauerkraut-683x1024.jpg 683w, https:\/\/naturhof-renk.at\/wp-content\/uploads\/2023\/11\/Sauerkraut-200x300.jpg 200w, https:\/\/naturhof-renk.at\/wp-content\/uploads\/2023\/11\/Sauerkraut-768x1152.jpg 768w, https:\/\/naturhof-renk.at\/wp-content\/uploads\/2023\/11\/Sauerkraut-1024x1536.jpg 1024w, https:\/\/naturhof-renk.at\/wp-content\/uploads\/2023\/11\/Sauerkraut-1365x2048.jpg 1365w, https:\/\/naturhof-renk.at\/wp-content\/uploads\/2023\/11\/Sauerkraut-1140x1710.jpg 1140w, https:\/\/naturhof-renk.at\/wp-content\/uploads\/2023\/11\/Sauerkraut-scaled.jpg 1707w\" sizes=\"auto, (max-width: 683px) 100vw, 683px\" \/><\/figure><\/div>\n\n\n\n<div class=\"wp-block-media-text is-stacked-on-mobile has-background\" style=\"background-color:#e3d5cd;grid-template-columns:30% auto\"><figure class=\"wp-block-media-text__media\"><img loading=\"lazy\" decoding=\"async\" width=\"660\" height=\"1024\" src=\"https:\/\/naturhof-renk.at\/wp-content\/uploads\/2023\/12\/Doerrzwetschken-660x1024.jpg\" alt=\"\" class=\"wp-image-354 size-full\" srcset=\"https:\/\/naturhof-renk.at\/wp-content\/uploads\/2023\/12\/Doerrzwetschken-660x1024.jpg 660w, https:\/\/naturhof-renk.at\/wp-content\/uploads\/2023\/12\/Doerrzwetschken-193x300.jpg 193w, https:\/\/naturhof-renk.at\/wp-content\/uploads\/2023\/12\/Doerrzwetschken-768x1192.jpg 768w, https:\/\/naturhof-renk.at\/wp-content\/uploads\/2023\/12\/Doerrzwetschken-990x1536.jpg 990w, https:\/\/naturhof-renk.at\/wp-content\/uploads\/2023\/12\/Doerrzwetschken-1320x2048.jpg 1320w, https:\/\/naturhof-renk.at\/wp-content\/uploads\/2023\/12\/Doerrzwetschken-1140x1769.jpg 1140w, https:\/\/naturhof-renk.at\/wp-content\/uploads\/2023\/12\/Doerrzwetschken-scaled.jpg 1649w\" sizes=\"auto, (max-width: 660px) 100vw, 660px\" \/><\/figure><div class=\"wp-block-media-text__content\">\n<p class=\"has-medium-font-size\"><strong>D\u00f6rrzwetschken<\/strong><\/p>\n\n\n\n<p class=\"has-medium-font-size\">Inhalt: 150g<\/p>\n\n\n\n<p class=\"has-medium-font-size\">Preis: 4,50 \u20ac<\/p>\n<\/div><\/div>\n\n\n\n<div class=\"wp-block-media-text has-media-on-the-right is-stacked-on-mobile\" style=\"grid-template-columns:auto 30%\"><div class=\"wp-block-media-text__content\">\n<p class=\"has-medium-font-size\"><strong>Rote R\u00fcben Salat<\/strong><\/p>\n\n\n\n<p class=\"has-medium-font-size\">Inhalt: 310g<\/p>\n\n\n\n<p class=\"has-medium-font-size\">Abtropfgewicht: 290g<\/p>\n\n\n\n<p class=\"has-medium-font-size\">Preis: 4,00 \u20ac<\/p>\n<\/div><figure class=\"wp-block-media-text__media\"><img loading=\"lazy\" decoding=\"async\" width=\"746\" height=\"1024\" src=\"https:\/\/naturhof-renk.at\/wp-content\/uploads\/2023\/12\/Rote-Rueben-746x1024.jpg\" alt=\"\" class=\"wp-image-356 size-full\" srcset=\"https:\/\/naturhof-renk.at\/wp-content\/uploads\/2023\/12\/Rote-Rueben-746x1024.jpg 746w, https:\/\/naturhof-renk.at\/wp-content\/uploads\/2023\/12\/Rote-Rueben-219x300.jpg 219w, https:\/\/naturhof-renk.at\/wp-content\/uploads\/2023\/12\/Rote-Rueben-768x1054.jpg 768w, https:\/\/naturhof-renk.at\/wp-content\/uploads\/2023\/12\/Rote-Rueben-1120x1536.jpg 1120w, https:\/\/naturhof-renk.at\/wp-content\/uploads\/2023\/12\/Rote-Rueben-1493x2048.jpg 1493w, https:\/\/naturhof-renk.at\/wp-content\/uploads\/2023\/12\/Rote-Rueben-1140x1564.jpg 1140w, https:\/\/naturhof-renk.at\/wp-content\/uploads\/2023\/12\/Rote-Rueben-scaled.jpg 1866w\" sizes=\"auto, (max-width: 746px) 100vw, 746px\" \/><\/figure><\/div>\n\n\n\n<div class=\"wp-block-media-text is-stacked-on-mobile has-background\" style=\"background-color:#e3d5cd;grid-template-columns:30% auto\"><figure class=\"wp-block-media-text__media\"><img loading=\"lazy\" decoding=\"async\" width=\"768\" height=\"1024\" src=\"https:\/\/naturhof-renk.at\/wp-content\/uploads\/2023\/12\/Honiglikoer-768x1024.jpg\" alt=\"\" class=\"wp-image-360 size-full\" srcset=\"https:\/\/naturhof-renk.at\/wp-content\/uploads\/2023\/12\/Honiglikoer-768x1024.jpg 768w, https:\/\/naturhof-renk.at\/wp-content\/uploads\/2023\/12\/Honiglikoer-225x300.jpg 225w, https:\/\/naturhof-renk.at\/wp-content\/uploads\/2023\/12\/Honiglikoer-1152x1536.jpg 1152w, https:\/\/naturhof-renk.at\/wp-content\/uploads\/2023\/12\/Honiglikoer-1536x2048.jpg 1536w, https:\/\/naturhof-renk.at\/wp-content\/uploads\/2023\/12\/Honiglikoer-1140x1520.jpg 1140w, https:\/\/naturhof-renk.at\/wp-content\/uploads\/2023\/12\/Honiglikoer-scaled.jpg 1920w\" sizes=\"auto, (max-width: 768px) 100vw, 768px\" \/><\/figure><div class=\"wp-block-media-text__content\">\n<p class=\"has-medium-font-size\"><strong>Honiglik\u00f6r<\/strong><\/p>\n\n\n\n<p class=\"has-medium-font-size\">Inhalt: 200ml<\/p>\n\n\n\n<p class=\"has-medium-font-size\">Preis: 16,00 \u20ac<\/p>\n<\/div><\/div>\n","protected":false},"excerpt":{"rendered":"<p>Waldviertler Gartenschmankerl zum Genie\u00dfen Einfach bestellen per Telefon oder E-Mail. Jeden 2. Donnerstag Gratiszustellung im Umkreis von 15 km! Bei gr\u00f6\u00dferer Entfernung kann es gegen eine Geb\u00fchr von 5 \u20ac per Post zugestellt werden. Nach telefonischer Vereinbarung auch Direkteinkauf am Hof m\u00f6glich. Suppenw\u00fcrze Inhalt: 150g Preis: 7,20 \u20ac Suppenw\u00fcrze Nachf\u00fcllpackung Inhalt: 150g Preis: 7,20 \u20ac Popcornmais Inhalt: 300g Preis: 3,70 \u20ac Bl\u00fcten Honig Inhalt: 250g Preis: 4,50 \u20ac Apfelringe Inhalt: 50g Preis: 3,00 \u20ac Erd\u00e4pfel Ditta Inhalt: 5kg Preis: 5,00 \u20ac Erd\u00e4pfel Kipfler Inhalt: 2kg Preis: 6,00 \u20ac Sauerkraut im Glas Inhalt: 300g Abtropfgewicht: 290g Preis: 3,70 \u20ac D\u00f6rrzwetschken Inhalt: 150g Preis: 4,50 \u20ac Rote R\u00fcben Salat Inhalt: 310g Abtropfgewicht: 290g Preis: 4,00 \u20ac Honiglik\u00f6r Inhalt: 200ml Preis: 16,00 \u20ac<\/p>\n","protected":false},"author":1,"featured_media":0,"parent":0,"menu_order":0,"comment_status":"closed","ping_status":"closed","template":"","meta":{"footnotes":""},"class_list":["post-68","page","type-page","status-publish","hentry"],"_links":{"self":[{"href":"https:\/\/naturhof-renk.at\/index.php?rest_route=\/wp\/v2\/pages\/68","targetHints":{"allow":["GET"]}}],"collection":[{"href":"https:\/\/naturhof-renk.at\/index.php?rest_route=\/wp\/v2\/pages"}],"about":[{"href":"https:\/\/naturhof-renk.at\/index.php?rest_route=\/wp\/v2\/types\/page"}],"author":[{"embeddable":true,"href":"https:\/\/naturhof-renk.at\/index.php?rest_route=\/wp\/v2\/users\/1"}],"replies":[{"embeddable":true,"href":"https:\/\/naturhof-renk.at\/index.php?rest_route=%2Fwp%2Fv2%2Fcomments&post=68"}],"version-history":[{"count":49,"href":"https:\/\/naturhof-renk.at\/index.php?rest_route=\/wp\/v2\/pages\/68\/revisions"}],"predecessor-version":[{"id":375,"href":"https:\/\/naturhof-renk.at\/index.php?rest_route=\/wp\/v2\/pages\/68\/revisions\/375"}],"wp:attachment":[{"href":"https:\/\/naturhof-renk.at\/index.php?rest_route=%2Fwp%2Fv2%2Fmedia&parent=68"}],"curies":[{"name":"wp","href":"https:\/\/api.w.org\/{rel}","templated":true}]}}